{"id":25266,"date":"2019-11-21T11:10:04","date_gmt":"2019-11-21T09:10:04","guid":{"rendered":"http:\/\/bugaderiaemporda.efimatica.com\/avis-legal\/"},"modified":"2024-06-03T12:04:03","modified_gmt":"2024-06-03T10:04:03","slug":"legal-notice","status":"publish","type":"page","link":"https:\/\/bugaderiaemporda.com\/en\/legal-notice\/","title":{"rendered":"Legal notice"},"content":{"rendered":"<p>[vc_row full_width=&#8221;stretch_row_content_no_spaces&#8221; css=&#8221;.vc_custom_1574071008328{margin-bottom: 0px !important;background-color: #d7d7d7 !important;}&#8221;][vc_column]<h1 class=\"boc_heading  center  \"  style=\"margin-bottom: 50px;margin-top: 50px;color: #00adef;font-size: 50px;\"><span>LEGAL NOTICE<\/span><\/h1>[\/vc_column][\/vc_row][vc_row css=&#8221;.vc_custom_1574326821590{padding-top: 80px !important;padding-bottom: 80px !important;}&#8221;][vc_column][vc_column_text]The website and domain\u00a0<em>bugaderiaemporda.com\u00a0<\/em>correspond to Bugaderia l\u2019Empord\u00e0 S.A., with Company Tax ID No. (CIF) A17165432 and address in Avinguda Punt\u00fc\u00ed, 13, pol\u00edgono El Rissech, de Cor\u00e7\u00e0 (CP 17121), tel. 972 64 31 48, email address\u00a0<em>atencion.cliente@bugaderiaemporda.com <\/em>\u00a0and registered in the Commercial Register of Girona, volume 447.<\/p>\n<p><strong>INTELLECTUAL AND INDUSTRIAL PROPERTY<\/strong><\/p>\n<p>The rights to the content of this site, including the text, images, graphic design, trademarks and other distinctive elements (hereinafter, the content) belong to Bugaderia l\u2019Empord\u00e0 or third parties that have authorised the use thereof. Bugaderia l\u2019Empord\u00e0 offers this content in order to inform regarding its services and activities. Bugaderia l\u2019Empord\u00e0 autorises the use of the content for non-commercial use, provided the source is clearly indicated. If the content is used in web environments then a link to\u00a0<u><a href=\"http:\/\/www.bugaderiaemporda.com\/\">the website\u2019s homepage<\/a><\/u>\u00a0must be included. Bugaderia l\u2019Empord\u00e0 reserves the right to take the appropriate legal action in defence of its intellectual or industrial property rights.<\/p>\n<p>The displaying of the content of this website in a window that is independent of\u00a0<a href=\"http:\/\/www.bugaderiaemporda.com\/\">http:\/\/www.bugaderiaemporda.com\/<\/a>\u00a0(framing) is not authorised.<\/p>\n<p><strong>LIABILITY IN RELATION TO THE CONTENT<\/strong><\/p>\n<p>Although Bugaderia l\u2019Empord\u00e0 acts with the maximum possible diligence, there is always the possibility that certain data or information may not be entirely up to date when the user should view this. For this reason, Bugaderia l\u2019Empord\u00e0 hereby states that the service references shown on our website are for guidance purposes only and do not constitute any obligation for Bugaderia l\u2019Empord\u00e0 until the express acceptance of an order.<\/p>\n<p>Bugaderia l\u2019Empord\u00e0 reserves the right to unilaterally modify the presentation, configuration and content of the website at any time.<\/p>\n<p>Bugaderia l\u2019Empord\u00e0 shall not be liable for any information that may be obtained through links included in the website.<\/p>\n<p><strong>CONDITIONS OF USE<\/strong><\/p>\n<p>The use of this website implies full acceptance of the terms and conditions of this legal notice. Any possible conflicts in relation to this website shall be governed exclusively by Spanish law. Users of the website agree to comply with and respect these clauses, expressly renouncing any other jurisdiction that may correspond to them, regardless of the territorial jurisdiction in which access should take place.[\/vc_column_text][\/vc_column][\/vc_row]<\/p>\n","protected":false},"excerpt":{"rendered":"<p>[vc_row full_width=&#8221;stretch_row_content_no_spaces&#8221; css=&#8221;.vc_custom_1574071008328{margin-bottom: 0px !important;background-color: #d7d7d7 !important;}&#8221;][vc_column][\/vc_column][\/vc_row][vc_row css=&#8221;.vc_custom_1574326821590{padding-top: 80px !important;padding-bottom: 80px !important;}&#8221;][vc_column][vc_column_text]The website and domain\u00a0bugaderiaemporda.com\u00a0correspond to Bugaderia l\u2019Empord\u00e0 S.A., with Company Tax ID No. (CIF) A17165432 and address in Avinguda Punt\u00fc\u00ed, 13, pol\u00edgono El Rissech, de Cor\u00e7\u00e0 (CP 17121), tel. 972 64 31 48, email address\u00a0atencion.cliente@bugaderiaemporda.com \u00a0and registered in the Commercial Register of Girona, volume 447. INTELLECTUAL AND INDUSTRIAL PROPERTY<\/p>\n<div class=\"h10\"><\/div>\n<p><a class=\"more-link2 flat\" href=\"https:\/\/bugaderiaemporda.com\/en\/legal-notice\/\">Read more<\/a><\/p>\n","protected":false},"author":1,"featured_media":0,"parent":0,"menu_order":43,"comment_status":"open","ping_status":"closed","template":"","meta":{"footnotes":""},"class_list":["post-25266","page","type-page","status-publish","hentry"],"yoast_head":"<!-- This site is optimized with the Yoast SEO plugin v23.3 - https:\/\/yoast.com\/wordpress\/plugins\/seo\/ -->\n<title>Legal notice - Bugaderia Empord\u00e0<\/title>\n<meta name=\"robots\" content=\"index, follow, max-snippet:-1, max-image-preview:large, max-video-preview:-1\" \/>\n<link rel=\"canonical\" href=\"https:\/\/bugaderiaemporda.com\/avis-legal\/\" \/>\n<meta property=\"og:locale\" content=\"en_US\" \/>\n<meta property=\"og:type\" content=\"article\" \/>\n<meta property=\"og:title\" content=\"Legal notice - Bugaderia Empord\u00e0\" \/>\n<meta property=\"og:description\" content=\"[vc_row full_width=&#8221;stretch_row_content_no_spaces&#8221; css=&#8221;.vc_custom_1574071008328{margin-bottom: 0px !important;background-color: #d7d7d7 !important;}&#8221;][vc_column][\/vc_column][\/vc_row][vc_row css=&#8221;.vc_custom_1574326821590{padding-top: 80px !important;padding-bottom: 80px !important;}&#8221;][vc_column][vc_column_text]The website and domain\u00a0bugaderiaemporda.com\u00a0correspond to Bugaderia l\u2019Empord\u00e0 S.A., with Company Tax ID No. (CIF) A17165432 and address in Avinguda Punt\u00fc\u00ed, 13, pol\u00edgono El Rissech, de Cor\u00e7\u00e0 (CP 17121), tel. 972 64 31 48, email address\u00a0atencion.cliente@bugaderiaemporda.com \u00a0and registered in the Commercial Register of Girona, volume 447. INTELLECTUAL AND INDUSTRIAL PROPERTYRead more\" \/>\n<meta property=\"og:url\" content=\"https:\/\/bugaderiaemporda.com\/avis-legal\/\" \/>\n<meta property=\"og:site_name\" content=\"Bugaderia Empord\u00e0\" \/>\n<meta property=\"article:modified_time\" content=\"2024-06-03T10:04:03+00:00\" \/>\n<meta property=\"og:image\" content=\"https:\/\/bugaderiaemporda.com\/wp-content\/uploads\/2019\/11\/bugaderia-logo-home-01.png\" \/>\n\t<meta property=\"og:image:width\" content=\"338\" \/>\n\t<meta property=\"og:image:height\" content=\"72\" \/>\n\t<meta property=\"og:image:type\" content=\"image\/png\" \/>\n<meta name=\"twitter:card\" content=\"summary_large_image\" \/>\n<meta name=\"twitter:label1\" content=\"Est. reading time\" \/>\n\t<meta name=\"twitter:data1\" content=\"2 minutes\" \/>\n<script type=\"application\/ld+json\" class=\"yoast-schema-graph\">{\"@context\":\"https:\/\/schema.org\",\"@graph\":[{\"@type\":\"WebPage\",\"@id\":\"https:\/\/bugaderiaemporda.com\/avis-legal\/\",\"url\":\"https:\/\/bugaderiaemporda.com\/avis-legal\/\",\"name\":\"Legal notice - Bugaderia Empord\u00e0\",\"isPartOf\":{\"@id\":\"https:\/\/bugaderiaemporda.com\/#website\"},\"datePublished\":\"2019-11-21T09:10:04+00:00\",\"dateModified\":\"2024-06-03T10:04:03+00:00\",\"breadcrumb\":{\"@id\":\"https:\/\/bugaderiaemporda.com\/avis-legal\/#breadcrumb\"},\"inLanguage\":\"en-US\",\"potentialAction\":[{\"@type\":\"ReadAction\",\"target\":[\"https:\/\/bugaderiaemporda.com\/avis-legal\/\"]}]},{\"@type\":\"BreadcrumbList\",\"@id\":\"https:\/\/bugaderiaemporda.com\/avis-legal\/#breadcrumb\",\"itemListElement\":[{\"@type\":\"ListItem\",\"position\":1,\"name\":\"Inici\",\"item\":\"https:\/\/bugaderiaemporda.com\/en\/\"},{\"@type\":\"ListItem\",\"position\":2,\"name\":\"Legal notice\"}]},{\"@type\":\"WebSite\",\"@id\":\"https:\/\/bugaderiaemporda.com\/#website\",\"url\":\"https:\/\/bugaderiaemporda.com\/\",\"name\":\"Bugaderia Empord\u00e0\",\"description\":\"Alta qualitat en renting t\u00e8xtil\",\"potentialAction\":[{\"@type\":\"SearchAction\",\"target\":{\"@type\":\"EntryPoint\",\"urlTemplate\":\"https:\/\/bugaderiaemporda.com\/?s={search_term_string}\"},\"query-input\":\"required name=search_term_string\"}],\"inLanguage\":\"en-US\"}]}<\/script>\n<!-- \/ Yoast SEO plugin. -->","yoast_head_json":{"title":"Legal notice - Bugaderia Empord\u00e0","robots":{"index":"index","follow":"follow","max-snippet":"max-snippet:-1","max-image-preview":"max-image-preview:large","max-video-preview":"max-video-preview:-1"},"canonical":"https:\/\/bugaderiaemporda.com\/avis-legal\/","og_locale":"en_US","og_type":"article","og_title":"Legal notice - Bugaderia Empord\u00e0","og_description":"[vc_row full_width=&#8221;stretch_row_content_no_spaces&#8221; css=&#8221;.vc_custom_1574071008328{margin-bottom: 0px !important;background-color: #d7d7d7 !important;}&#8221;][vc_column][\/vc_column][\/vc_row][vc_row css=&#8221;.vc_custom_1574326821590{padding-top: 80px !important;padding-bottom: 80px !important;}&#8221;][vc_column][vc_column_text]The website and domain\u00a0bugaderiaemporda.com\u00a0correspond to Bugaderia l\u2019Empord\u00e0 S.A., with Company Tax ID No. (CIF) A17165432 and address in Avinguda Punt\u00fc\u00ed, 13, pol\u00edgono El Rissech, de Cor\u00e7\u00e0 (CP 17121), tel. 972 64 31 48, email address\u00a0atencion.cliente@bugaderiaemporda.com \u00a0and registered in the Commercial Register of Girona, volume 447. INTELLECTUAL AND INDUSTRIAL PROPERTYRead more","og_url":"https:\/\/bugaderiaemporda.com\/avis-legal\/","og_site_name":"Bugaderia Empord\u00e0","article_modified_time":"2024-06-03T10:04:03+00:00","og_image":[{"width":338,"height":72,"url":"https:\/\/bugaderiaemporda.com\/wp-content\/uploads\/2019\/11\/bugaderia-logo-home-01.png","type":"image\/png"}],"twitter_card":"summary_large_image","twitter_misc":{"Est. reading time":"2 minutes"},"schema":{"@context":"https:\/\/schema.org","@graph":[{"@type":"WebPage","@id":"https:\/\/bugaderiaemporda.com\/avis-legal\/","url":"https:\/\/bugaderiaemporda.com\/avis-legal\/","name":"Legal notice - Bugaderia Empord\u00e0","isPartOf":{"@id":"https:\/\/bugaderiaemporda.com\/#website"},"datePublished":"2019-11-21T09:10:04+00:00","dateModified":"2024-06-03T10:04:03+00:00","breadcrumb":{"@id":"https:\/\/bugaderiaemporda.com\/avis-legal\/#breadcrumb"},"inLanguage":"en-US","potentialAction":[{"@type":"ReadAction","target":["https:\/\/bugaderiaemporda.com\/avis-legal\/"]}]},{"@type":"BreadcrumbList","@id":"https:\/\/bugaderiaemporda.com\/avis-legal\/#breadcrumb","itemListElement":[{"@type":"ListItem","position":1,"name":"Inici","item":"https:\/\/bugaderiaemporda.com\/en\/"},{"@type":"ListItem","position":2,"name":"Legal notice"}]},{"@type":"WebSite","@id":"https:\/\/bugaderiaemporda.com\/#website","url":"https:\/\/bugaderiaemporda.com\/","name":"Bugaderia Empord\u00e0","description":"Alta qualitat en renting t\u00e8xtil","potentialAction":[{"@type":"SearchAction","target":{"@type":"EntryPoint","urlTemplate":"https:\/\/bugaderiaemporda.com\/?s={search_term_string}"},"query-input":"required name=search_term_string"}],"inLanguage":"en-US"}]}},"_links":{"self":[{"href":"https:\/\/bugaderiaemporda.com\/en\/wp-json\/wp\/v2\/pages\/25266"}],"collection":[{"href":"https:\/\/bugaderiaemporda.com\/en\/wp-json\/wp\/v2\/pages"}],"about":[{"href":"https:\/\/bugaderiaemporda.com\/en\/wp-json\/wp\/v2\/types\/page"}],"author":[{"embeddable":true,"href":"https:\/\/bugaderiaemporda.com\/en\/wp-json\/wp\/v2\/users\/1"}],"replies":[{"embeddable":true,"href":"https:\/\/bugaderiaemporda.com\/en\/wp-json\/wp\/v2\/comments?post=25266"}],"version-history":[{"count":2,"href":"https:\/\/bugaderiaemporda.com\/en\/wp-json\/wp\/v2\/pages\/25266\/revisions"}],"predecessor-version":[{"id":25452,"href":"https:\/\/bugaderiaemporda.com\/en\/wp-json\/wp\/v2\/pages\/25266\/revisions\/25452"}],"wp:attachment":[{"href":"https:\/\/bugaderiaemporda.com\/en\/wp-json\/wp\/v2\/media?parent=25266"}],"curies":[{"name":"wp","href":"https:\/\/api.w.org\/{rel}","templated":true}]}}

<p>[vc_row full_width=&#8221;stretch_row_content_no_spaces&#8221; css=&#8221;.vc_custom_1574071008328{margin-bottom: 0px !important;background-color: #d7d7d7 !important;}&#8221;][vc_column]<h1 class="boc_heading  center  "  style="margin-bottom: 50px;margin-top: 50px;color: #00adef;font-size: 50px;"><span>LEGAL NOTICE</span></h1>[/vc_column][/vc_row][vc_row css=&#8221;.vc_custom_1574326821590{padding-top: 80px !important;padding-bottom: 80px !important;}&#8221;][vc_column][vc_column_text]The website and domain <em>bugaderiaemporda.com </em>correspond to Bugaderia l’Empordà S.A., with Company Tax ID No. (CIF) A17165432 and address in Avinguda Puntüí, 13, polígono El Rissech, de Corçà (CP 17121), tel. 972 64 31 48, email address <em>atencion.cliente@bugaderiaemporda.com </em> and registered in the Commercial Register of Girona, volume 447.</p>
<p><strong>INTELLECTUAL AND INDUSTRIAL PROPERTY</strong></p>
<p>The rights to the content of this site, including the text, images, graphic design, trademarks and other distinctive elements (hereinafter, the content) belong to Bugaderia l’Empordà or third parties that have authorised the use thereof. Bugaderia l’Empordà offers this content in order to inform regarding its services and activities. Bugaderia l’Empordà autorises the use of the content for non-commercial use, provided the source is clearly indicated. If the content is used in web environments then a link to <u><a href="http://www.bugaderiaemporda.com/">the website’s homepage</a></u> must be included. Bugaderia l’Empordà reserves the right to take the appropriate legal action in defence of its intellectual or industrial property rights.</p>
<p>The displaying of the content of this website in a window that is independent of <a href="http://www.bugaderiaemporda.com/">http://www.bugaderiaemporda.com/</a> (framing) is not authorised.</p>
<p><strong>LIABILITY IN RELATION TO THE CONTENT</strong></p>
<p>Although Bugaderia l’Empordà acts with the maximum possible diligence, there is always the possibility that certain data or information may not be entirely up to date when the user should view this. For this reason, Bugaderia l’Empordà hereby states that the service references shown on our website are for guidance purposes only and do not constitute any obligation for Bugaderia l’Empordà until the express acceptance of an order.</p>
<p>Bugaderia l’Empordà reserves the right to unilaterally modify the presentation, configuration and content of the website at any time.</p>
<p>Bugaderia l’Empordà shall not be liable for any information that may be obtained through links included in the website.</p>
<p><strong>CONDITIONS OF USE</strong></p>
<p>The use of this website implies full acceptance of the terms and conditions of this legal notice. Any possible conflicts in relation to this website shall be governed exclusively by Spanish law. Users of the website agree to comply with and respect these clauses, expressly renouncing any other jurisdiction that may correspond to them, regardless of the territorial jurisdiction in which access should take place.[/vc_column_text][/vc_column][/vc_row]</p>

<p>[vc_row full_width=&#8221;stretch_row_content_no_spaces&#8221; css=&#8221;.vc_custom_1574071008328{margin-bottom: 0px !important;background-color: #d7d7d7 !important;}&#8221;][vc_column][/vc_column][/vc_row][vc_row css=&#8221;.vc_custom_1574326821590{padding-top: 80px !important;padding-bottom: 80px !important;}&#8221;][vc_column][vc_column_text]The website and domain bugaderiaemporda.com correspond to Bugaderia l’Empordà S.A., with Company Tax ID No. (CIF) A17165432 and address in Avinguda Puntüí, 13, polígono El Rissech, de Corçà (CP 17121), tel. 972 64 31 48, email address atencion.cliente@bugaderiaemporda.com  and registered in the Commercial Register of Girona, volume 447. INTELLECTUAL AND INDUSTRIAL PROPERTY</p>
<div class="h10"></div>
<p><a class="more-link2 flat" href="https://bugaderiaemporda.com/en/legal-notice/">Read more</a></p>

<!-- This site is optimized with the Yoast SEO plugin v23.3 - https://yoast.com/wordpress/plugins/seo/ -->
<title>Legal notice - Bugaderia Empordà</title>
<meta name="robots" content="index, follow, max-snippet:-1, max-image-preview:large, max-video-preview:-1" />
<link rel="canonical" href="https://bugaderiaemporda.com/avis-legal/" />
<meta property="og:locale" content="en_US" />
<meta property="og:type" content="article" />
<meta property="og:title" content="Legal notice - Bugaderia Empordà" />
<meta property="og:description" content="[vc_row full_width=&#8221;stretch_row_content_no_spaces&#8221; css=&#8221;.vc_custom_1574071008328{margin-bottom: 0px !important;background-color: #d7d7d7 !important;}&#8221;][vc_column][/vc_column][/vc_row][vc_row css=&#8221;.vc_custom_1574326821590{padding-top: 80px !important;padding-bottom: 80px !important;}&#8221;][vc_column][vc_column_text]The website and domain bugaderiaemporda.com correspond to Bugaderia l’Empordà S.A., with Company Tax ID No. (CIF) A17165432 and address in Avinguda Puntüí, 13, polígono El Rissech, de Corçà (CP 17121), tel. 972 64 31 48, email address atencion.cliente@bugaderiaemporda.com  and registered in the Commercial Register of Girona, volume 447. INTELLECTUAL AND INDUSTRIAL PROPERTYRead more" />
<meta property="og:url" content="https://bugaderiaemporda.com/avis-legal/" />
<meta property="og:site_name" content="Bugaderia Empordà" />
<meta property="article:modified_time" content="2024-06-03T10:04:03+00:00" />
<meta property="og:image" content="https://bugaderiaemporda.com/wp-content/uploads/2019/11/bugaderia-logo-home-01.png" />
	<meta property="og:image:width" content="338" />
	<meta property="og:image:height" content="72" />
	<meta property="og:image:type" content="image/png" />
<meta name="twitter:card" content="summary_large_image" />
<meta name="twitter:label1" content="Est. reading time" />
	<meta name="twitter:data1" content="2 minutes" />
<script type="application/ld+json" class="yoast-schema-graph">{"@context":"https://schema.org","@graph":[{"@type":"WebPage","@id":"https://bugaderiaemporda.com/avis-legal/","url":"https://bugaderiaemporda.com/avis-legal/","name":"Legal notice - Bugaderia Empordà","isPartOf":{"@id":"https://bugaderiaemporda.com/#website"},"datePublished":"2019-11-21T09:10:04+00:00","dateModified":"2024-06-03T10:04:03+00:00","breadcrumb":{"@id":"https://bugaderiaemporda.com/avis-legal/#breadcrumb"},"inLanguage":"en-US","potentialAction":[{"@type":"ReadAction","target":["https://bugaderiaemporda.com/avis-legal/"]}]},{"@type":"BreadcrumbList","@id":"https://bugaderiaemporda.com/avis-legal/#breadcrumb","itemListElement":[{"@type":"ListItem","position":1,"name":"Inici","item":"https://bugaderiaemporda.com/en/"},{"@type":"ListItem","position":2,"name":"Legal notice"}]},{"@type":"WebSite","@id":"https://bugaderiaemporda.com/#website","url":"https://bugaderiaemporda.com/","name":"Bugaderia Empordà","description":"Alta qualitat en renting tèxtil","potentialAction":[{"@type":"SearchAction","target":{"@type":"EntryPoint","urlTemplate":"https://bugaderiaemporda.com/?s={search_term_string}"},"query-input":"required name=search_term_string"}],"inLanguage":"en-US"}]}</script>
<!-- / Yoast SEO plugin. -->

Legal notice - Bugaderia Empordà

[vc_row full_width=&#8221;stretch_row_content_no_spaces&#8221; css=&#8221;.vc_custom_1574071008328{margin-bottom: 0px !important;background-color: #d7d7d7 !important;}&#8221;][vc_column][/vc_column][/vc_row][vc_row css=&#8221;.vc_custom_1574326821590{padding-top: 80px !important;padding-bottom: 80px !important;}&#8221;][vc_column][vc_column_text]The website and domain bugaderiaemporda.com correspond to Bugaderia l’Empordà S.A., with Company Tax ID No. (CIF) A17165432 and address in Avinguda Puntüí, 13, polígono El Rissech, de Corçà (CP 17121), tel. 972 64 31 48, email address atencion.cliente@bugaderiaemporda.com  and registered in the Commercial Register of Girona, volume 447. INTELLECTUAL AND INDUSTRIAL PROPERTYRead more

Bugaderia Empordà

Alta qualitat en renting tèxtil
